is 9 - (4 + -8 + 10)?
3
Evaluate 17 + -69 - -49 - (-1 + 3 + 1).
-6
What is (25 - 25 - (-1 + 3) - -5) + -6?
-3
What is the value of -4 - -1 - (19 - 16 - (1 + 9))?
4
-7 + -6 + -15 + 49
21
Calculate (-6 - -10 - (10 - -4) - -1) + 1.
-8
What is -10 - (-2 - 6 - -4) - (-48 - -58)?
-16
Calculate -13 + (4 + 17 - 12) + 4 + 0.
0
Evaluate (14 - 10) + 8 - 17.
-5
What is the value of -3 + -9 - (-23 + 10 + 4 + -8)?
5
Evaluate -6 + (-9 - -2 - (-1 + (-2 - 8))).
-2
What is -1 + -1 + 7 - (-406 - -403)?
8
32 - 29 - (-4 - -2)
5
What is 28 + (1 - (-16 + 35))?
10
What is (-7 - 0) + (-32 - (32 - 78))?
7
Evaluate 3 + (-8 - (1 - (-2 + -5 - -9))).
-4
What is (-13 - 5 - 9) + 52?
25
What is -19 + 38 + (-25 - -33)?
27
What is (5 - 6 - 4) + 11 + -3?
3
Evaluate 5 + -23 - (0 - 45) - -7.
34
Calculate 8 - ((5 - -2) + -2 + (65 - 69)).
7
What is the value of -20 - -15 - (2 + 1 + -9)?
1
Calculate -8 - (8 - 1 - (12 - 9)) - 3.
-15
(-5 - 1) + (38 - 8) + -38
-14
Calculate (1 - 2 - 2) + 8 + (-5 - -1).
1
Evaluate 0 + 8 + (-12 - (6 - 7)).
-3
Evaluate (0 + 2 - -17) + (-211 - -208).
16
1 + (-4 - (-4 - 1)) + -25 + 33
10
What is the value of -4 - (-6 + -2 + (4 - -2 - 11))?
9
Calculate 11 + (5 - -3 - 4) + 34 + -33.
16
What is the value of -4 + -1 - ((-19 - (-23 + 14)) + 13)?
-8
Evaluate (-29 - -36) + (4 - -1 - 4).
8
What is the value of (-12 - ((-3 - 6) + 1)) + 5?
1
What is the value of 13 - (-16 + 24 + -11)?
16
Evaluate 12 + -2 + (0 + -3 - 32).
-25
Evaluate 18 + -4 + (7 - 21).
0
(-113 - -111) + (10 - -1)
9
What is (-34 - (17 + -16)) + 18?
-17
-3 + (-8 - 4) + (-9 - -4)
-20
-63 + (-2 - (-31 - 13))
-21
What is (160 - 162) + (-1 - 11)?
-14
What is the value of (1 - 4 - ((-14 - 35) + 30)) + 9?
25
What is the value of -13 + 17 + 2 - -10?
16
-4 + (0 - (1 + -14 - -6 - 5))
8
What is (-12 - -19) + (-26 - -51)?
32
2 + -7 + (-114 - -120)
1
Calculate -6 - -2 - (28 - (-43 + 63)).
-12
Calculate -430 - -441 - (1 + (-2 - (3 + -42))).
-27
What is the value of -4 - (8 - 7) - (10 - 12)?
-3
What is (1 - -2) + 6 + 7 + -1 + -4?
11
What is 1 - (5 - (-16 + 7)) - 3?
-16
Calculate 4 - ((22 - 20) + (-2 - 3)).
7
What is the value of 39 + -54 + (3 - -17) + -17?
-12
Evaluate -38 + (-6 - (3 + -11) - -6) + 6.
-24
Calculate (4 + 1 - (-1 + 14 + -2)) + 11.
5
Evaluate 1 + (-12 - 3) + 1 - -40.
27
What is -1 + (-2 - (-1 + 8 + -16))?
6
What is (10 - (11 + 9)) + 15?
5
What is the value of -20 - (13 - 38 - -19)?
-14
Calculate 8 - (-18 - (6 + -6)).
26
What is (0 - -6) + -15 + 7?
-2
Calculate 15 - (-6 + (-1 - -14) - -5).
3
What is the value of (1 - -11) + (1755 - 1744)?
23
Calculate (-4 - -8 - 1 - -4) + (53 - 72).
-12
What is -6 - -8 - ((15 - 23) + (2 - -2))?
6
-18 + 1 + 20 + -17
-14
Calculate (13 - (17 + -23)) + -6.
13
0 + 0 - (-3 + 4 - (-1 + -4))
-6
What is the value of 55 + -55 - (-3 - 6)?
9
What is the value of (72 - 37) + -12 + -3?
20
Calculate (31 + -14 - (5 + 0 + 3)) + 4.
13
What is -50 + 22 + 17 + -8?
-19
What is the value of 1 - (7 + -17) - (-1 + -3 + -2)?
17
Calculate 2 + 5 + 10 + -21.
-4
What is 5 - 7 - (22 + -6 - 10)?
-8
What is -24 + 1 + 12 + -1?
-12
((-36 - -18) + 9 - -10) + (-2 - 4)
-5
Calculate 4 - -15 - 2 - (5 - (-15 + 12)).
9
Evaluate (3 - 14) + 2 + -7 + 1 + -1.
-16
Evaluate (-2 - (21 + 3 + -19)) + -7.
-14
What is the value of (-1 - (10 - 39)) + 3 + 0?
31
Calculate 5 + 3 + -3 + (11 - (13 - 5)).
8
16 - (15 + (-32 - -14)) - 51
-32
Evaluate 4 - (4 - (5 - 6) - (-34 + 6)).
-29
Calculate 7 + 7 + 70 + -54.
30
Calculate (-8 - -10 - (2 - 9)) + 20 + -48.
-19
What is 0 - (-20 + -2 + 19 + -10 + 0)?
13
(-56 - -24) + 23 + 19
10
Calculate 45 + (12 - 36) + 3.
24
(-15 - (12 + -7 - 9)) + 0 + -4
-15
What is the value of -2 + 12 + (10 + -16 - -11)?
15
What is 11 - (2 + 0 + 4 + 2)?
3
Calculate 4 + (0 - (-10 - -4)) - 18 - -3.
-5
What is the value of 2 + (-1 - 16) + 18?
3
Calculate 0 - (-12 - 2) - (-34 + 38) - -6.
16
(62 + -70 - (-2 - -20)) + 1 + 7
-18
Evaluate 8 + -2 + 8 + -1 + -2.
11
What is the value of -3 + 6 - (3 + 8 + 1 + -5)?
-4
Calculate 30 - 50 - 1 - -42.
21
Calculate (1 - 0) + 4 - (41 + -27).
-9
What is 10 - (4 - 0 - -15)?
-9
(11 - 7) + 9 + -15
-2
Calculate 29 - 38 - (2 + -2 + -16).
7
What is the value of -8 + -10 + 26 + (-4 - 2)?
2
What is 5 + -6 + -28 + -1?
-30
What is 22 - -5 - (5 - -10 - 5)?
17
Evaluate 11 - -2 - (-59 - -49).
23
What is 6 + (-9 - (19 - 10)) + 2 - -7?
-3
(9 - 3) + -10 + 23 - -2 - -1
22
Calculate 5 - (-3 + 10 + -9 + -2 + -2).
11
What is the value of (3 - (6 + -8)) + 9 - -4?
18
Evaluate 17 + (-212 + 210 - (-6 - 1)).
22
What is (35 - 14) + -25 - (10 - (-1 + 3))?
-12
What is (-3 + 3 - -2) + (77 - 90)?
-11
What is 20 + -24 + (16 - 3) - 5?
4
Calculate 0 + -30 - (-30 - 18).
18
Calculate -12 + -6 - 0 - (-4 - (-2 - -2)).
-14
What is 16 + -5 + (-12 - 11 - 2)?
-14
Evaluate 5 - 19 - (-32 - -32).
-14
Evaluate (4 + -9 - (-5 - 3)) + -11 - -2.
-6
What is the value of 9 + 7 - (-7 + (27 - 13))?
9
Calculate 1 + -17 + -94 + 71.
-39
Evaluate -26 + (32 - 5) - (-16 + -9).
26
Calculate -4 - -1 - (26 - 46 - -15).
2
Evaluate -10 + -25 + 41 - (0 - 5).
11
What is -18 + (23 - (-6 + 18)) + (1 - 5)?
-11
Evaluate 0 + 0 + 4 + 4 + -12 + 11.
7
What is the value of -39 + 34 - (-1 - -4)?
-8
(-9 - 15) + 22 - (-22 - -1)
19
Calculate -40 - -5 - (20 - 42).
-13
What is ((8 - 15) + 4 + -1 - 2) + 21?
15
Calculate 11 - (51 - 27 - 27).
14
15 - (12 - (-15 - -3) - -14)
-23
What is -3 - (8 + (-37 - (-11 + 1)))?
16
What is the value of -9 + 7 + 2 + -9 + (-2 - 1)?
-12
What is (13 - (-3 - (-2 + 0)) - 6) + -11?
-3
What is 20 + -20 + -5 - (-2 + -13 + 0)?
10
Calculate (40 + (1 - (-3 - -11)) - 2) + -9.
22
What is the value of 6 + (1 + (-10 - -9) + -36 - -1)?
-29
What is the value of 13 + (-5 - 1) + -22 + 4?
-11
What is (5 - 1) + (-9 + (0 - -6) - -4)?
5
What is the value of -4 + 8 + (18 - 0) + -20?
2
What is the value of 16 + -15 - ((1 - 2 - 1) + 1)?
2
Evaluate 6 - ((7 - 15) + 11 - -4).
-1
6 + (-7 + -1 + 2 - (133 - 132))
-1
-19 - (-3 + 1) - (-12 + 25 + -20)
-10
Evaluate (1 - 13 - (17 + -32)) + 0.
3
Evaluate (-2 - 0 - -2) + 16 + -9 + -9.
-2
Evaluate -22 + (1 - 0 - (10 + (1 - 13))).
-19
What is -1 + (1 - -12) - (10 - 7 - 1)?
10
Evaluate -2 + 3 - (-117 - -106).
12
What is the value of 18 + -4 + -23 + (0 - 2)?
-11
Calculate (12 - 15) + 13 - -17 - (-3 + 11).
19
Evaluate (-2 - 26 - 1) + -28 + 41.
-16
Evaluate -18 - -4 - (-10 + 3).
-7
What is (3 - 5) + 3 - -3 - (61 + -66)?
9
(-17 - (-4 + -7)) + 9
3
14 + 3 - (12 - -8)
-3
119 + -67 + 10 + -56
6
4 + (13 + -39 - -19) + 18
15
-9 - (-6 - (4 - (5 + 1))) - -9
4
What is the value of -8 + -2 + -2 + -1?
-13
2 - (-10 + (8 - -1 - 2) + 2)
3
What is the value of 7 - (10 + -1) - (-2 + 1) - 12?
-13
Calculate -29 + 20 - (7 + (-1 - 5 - -9)).
-19
Calculate 3 - (32 - (24 - -16) - (-8 + 0)).
3
What is (-1 - 2) + -14 + 2 + 12 + 1?
-2
-3 + 0 - (-6 + 1 - -1)
1
(55 + -22 + -16 - -14) + -5 + -1
25
Calculate -5 + 9 - (-2 + 3).
3
What is the value of -73 - -72 - (-20 + -2)?
21
-11 + (-13 - -12) + -1 - -19
6
What is -1 - -5 - 1 - -12?
15
Calculate 1 + 2 + 15 + -6 + 8 + -7.
13
What is the value of 24 + -18 - (-5 + (0 - -18))?
-7
Evaluate -27 - (8 - 6) - (8 + -9 + -8).
-20
What is -17 - (10 + -21 + -20)?
14
What is (-4 - (-3 + -3)) + -3 + (-17 - -4)?
-14
What is the value of -2 - -9 - ((25 - 4 - -15) + -5)?
-24
What is the value of -9 + (-2 - (0 + -27) - 7) + 9?
18
6 - (-1 + -3 + 4 + -3) - 6
3
What is 41 - 28 - (0 + 4 - -4)?
5
Calculate (4 - (-1 - -6 - 11)) + -13.
-3
What is the value of -7 + (-3 - (-17 - (-5 + 1)) - 0)?
3
What is -310 + 331 + (-41 - 0)?
-20
Calculate -61 + 59 + -2 + 0.
-4
What is (0 - -3) + 0 + (-1 - -6 - 1)?
7
1 + -1 - (13 - (13 - -5))
5
What is 47 + -26 + 3 + -7 + -2 + 8?
23
Evaluate (-2 + 5 - -4) + 15 - (5 + 2).
15
-5 + (0 - (4 - -1) - (-12 - -5))
-3
Calculate 26 + 42 + (-38 - -1).
31
Calculate 12 + (-45 - -21 - -6).
-6
What is the value of -8 - (-15 - -2 - 14 - (-8 - -1))?
12
Calculate (62 - -1) + -123 + 97.
37
(-75 - -69) + 2 + -1 - 13
-18
What is the value of (19 - (10 + -16 + 19)) + 5 + 16?
27
What is -8 - ((10 - 9) + 1 + 0 - -4)?
-14
Evaluate 0 + -14 - (-73 - -61) - 3.
-5
What is -3 - -16 - (-4 - -6 - 3)?
14
11 + (7 - (4 + 0 + 7)) + -27
-20
Calculate (-16 - -10 - (-12 - 4)) + -2 + -3.
5
-229 + 234 + (5 - 0) + 2 + -5
7
What is the value of (-21 - -23) + 28 + -7?
23
What is 511 + -501 + (-1 - 1)?
8
What is the value of 11 + (